re the prime factors of 233037249?
3, 3089, 25147
List the prime factors of 7611261105.
3, 5, 7, 421, 172181
What are the prime factors of 2687308173?
3, 11, 27144527
List the prime factors of 847822336.
2, 479, 3457
List the prime factors of 439768689.
3, 227, 439, 1471
List the prime factors of 539220217.
1031, 523007
List the prime factors of 153417012.
2, 3, 7, 503, 3631
What are the prime factors of 4927508789?
7, 18427, 38201
What are the prime factors of 29318239?
41, 211, 3389
What are the prime factors of 137076892?
2, 34269223
What are the prime factors of 9051564785?
5, 23, 78709259
List the prime factors of 1902627488.
2, 17, 149, 23473
List the prime factors of 1400004671.
13, 31, 3473957
List the prime factors of 1540525741.
139, 337, 32887
List the prime factors of 262093681.
37, 191449
List the prime factors of 1144418744.
2, 7, 20436049
List the prime factors of 34059973.
53, 269, 2389
What are the prime factors of 2115578409?
3, 7, 71, 523, 2713
What are the prime factors of 5205166037?
5205166037
List the prime factors of 20200518.
2, 3, 13, 173, 499
What are the prime factors of 16335041?
19, 71, 12109
List the prime factors of 119596676.
2, 509, 58741
List the prime factors of 2106178753.
7, 300882679
What are the prime factors of 76138445?
5, 15227689
What are the prime factors of 121619494?
2, 19, 641, 4993
List the prime factors of 1143476959.
47, 2777, 8761
What are the prime factors of 399382169?
399382169
What are the prime factors of 1710669496?
2, 97, 2204471
What are the prime factors of 694063687?
694063687
What are the prime factors of 2436032208?
2, 3, 50750671
What are the prime factors of 154261358?
2, 77130679
What are the prime factors of 1380714618?
2, 3, 230119103
List the prime factors of 12827473.
12827473
List the prime factors of 90278056.
2, 11, 1025887
What are the prime factors of 31379532?
2, 3, 1187, 2203
What are the prime factors of 58865244?
2, 3, 29, 47, 59, 61
List the prime factors of 3028794058.
2, 1514397029
List the prime factors of 48272141.
19, 223, 11393
List the prime factors of 3401340643.
13807, 246349
What are the prime factors of 5962699052?
2, 2153, 692371
What are the prime factors of 194462898?
2, 3, 7, 17, 37, 433
List the prime factors of 1686614840.
2, 5, 23, 1223, 1499
What are the prime factors of 510145279?
7, 72877897
What are the prime factors of 65783771?
65783771
What are the prime factors of 222071356?
2, 13, 4270603
List the prime factors of 2512794388.
2, 13, 41, 1178609
List the prime factors of 199137591.
3, 79, 379, 739
What are the prime factors of 1553089?
1553089
What are the prime factors of 141021959?
13, 10847843
List the prime factors of 138773067.
3, 46257689
List the prime factors of 2746298589.
3, 19, 48180677
List the prime factors of 3596927383.
7, 513846769
What are the prime factors of 230216536?
2, 11, 103, 2309
List the prime factors of 268846761.
3, 3271, 27397
What are the prime factors of 56529334?
2, 28264667
What are the prime factors of 44211100?
2, 5, 19, 23269
What are the prime factors of 895893309?
3, 23, 1933, 2239
What are the prime factors of 13323103?
13323103
What are the prime factors of 887335600?
2, 5, 2218339
What are the prime factors of 3052987454?
2, 11, 167, 181, 4591
List the prime factors of 636000415.
5, 131, 271, 3583
What are the prime factors of 3458654427?
3, 199, 5793391
What are the prime factors of 51340232?
2, 23, 279023
What are the prime factors of 2637785?
5, 527557
What are the prime factors of 241658960?
2, 5, 47, 64271
What are the prime factors of 44654053?
17, 1013, 2593
List the prime factors of 3804348033.
3, 347, 491, 827
List the prime factors of 88297348.
2, 22074337
What are the prime factors of 328984966?
2, 5939, 27697
List the prime factors of 531795339.
3, 37, 911, 1753
What are the prime factors of 3484457529?
3, 7, 41, 149, 157, 173
What are the prime factors of 6474510918?
2, 3, 359695051
List the prime factors of 99085011.
3, 181, 251, 727
What are the prime factors of 1934390516?
2, 1637, 295417
List the prime factors of 329843441.
31, 2339, 4549
What are the prime factors of 5688283031?
31, 2749, 66749
List the prime factors of 33711735.
3, 5, 2247449
What are the prime factors of 124138500?
2, 3, 5, 82759
What are the prime factors of 460967750?
2, 5, 17, 108463
List the prime factors of 31367179.
31367179
What are the prime factors of 244458932?
2, 31, 1971443
What are the prime factors of 981325645?
5, 196265129
List the prime factors of 196853772.
2, 3, 67, 244843
What are the prime factors of 27359785?
5, 67, 81671
What are the prime factors of 433328119?
7, 23, 384497
List the prime factors of 1966135242.
2, 3, 109, 3006323
List the prime factors of 17719450.
2, 5, 7, 50627
What are the prime factors of 623399448?
2, 3, 7, 3710711
What are the prime factors of 9071974?
2, 139, 32633
List the prime factors of 208932864.
2, 3, 7, 347
What are the prime factors of 1698555755?
5, 13, 26131627
List the prime factors of 1993247736.
2, 3, 79, 1051291
What are the prime factors of 17688568?
2, 17, 113, 1151
What are the prime factors of 2688268407?
3, 11, 89, 915311
List the prime factors of 4961932.
2, 1240483
List the prime factors of 80069010.
2, 3, 5, 7, 43, 8867
What are the prime factors of 2337115421?
1009, 1279, 1811
What are the prime factors of 315612139?
6553, 48163
List the prime factors of 18035844.
2, 3, 17, 88411
List the prime factors of 112222624.
2, 53, 66169
What are the prime factors of 144120909?
3, 19, 359, 7043
What are the prime factors of 303709234?
2, 151854617
What are the prime factors of 400103732?
2, 7, 31, 460949
What are the prime factors of 243813714?
2, 3, 40635619
List the prime factors of 746120449.
83, 439, 20477
List the prime factors of 2778929287.
2778929287
List the prime factors of 772860283.
13, 19, 23, 136043
List the prime factors of 55152761.
47, 1173463
What are the prime factors of 354669651?
3, 7, 1876559
What are the prime factors of 3310041368?
2, 31, 109, 122449
List the prime factors of 1245474278.
2, 1409, 441971
List the prime factors of 29782642.
2, 173, 86077
What are the prime factors of 15236750?
2, 5, 59, 1033
What are the prime factors of 7792654852?
2, 227, 1409, 6091
List the prime factors of 53710780.
2, 5, 2685539
List the prime factors of 381093155.
5, 37, 41, 47, 1069
What are the prime factors of 532467857?
9473, 56209
What are the prime factors of 379964829?
3, 199, 239, 2663
List the prime factors of 1340074839.
3, 67, 6667039
List the prime factors of 1789476412.
2, 227, 317, 6217
List the prime factors of 65546456.
2, 8193307
What are the prime factors of 50515621?
13, 22993
What are the prime factors of 557700?
2, 3, 5, 11, 13
List the prime factors of 86668080.
2, 3, 5, 109, 3313
List the prime factors of 45079281.
3, 13, 128431
What are the prime factors of 1765285176?
2, 3, 41, 1793989
What are the prime factors of 490950208?
2, 7, 17, 9209
List the prime factors of 7408092.
2, 3, 617341
What are the prime factors of 333618852?
2, 3, 7, 211, 2689
What are the prime factors of 34179840?
2, 3, 5, 23, 43
What are the prime factors of 3825581018?
2, 7, 39036541
List the prime factors of 134707123.
47, 2866109
What are the prime factors of 2777807401?
79, 35162119
What are the prime factors of 2357067?
3, 17, 113, 409
List the prime factors of 158364986.
2, 13, 809, 7529
List the prime factors of 86201587.
86201587
List the prime factors of 2639324195.
5, 527864839
What are the prime factors of 10516300?
2, 5, 103, 1021
List the prime factors of 2893230377.
19, 59, 2580937
List the prime factors of 1309257053.
13, 100712081
List the prime factors of 576297486.
2, 3, 59, 71, 7643
List the prime factors of 51790266.
2, 3, 11, 29063
List the prime factors of 20290647.
3, 13, 31, 1291
List the prime factors of 508624427.
59, 887, 9719
What are the prime factors of 348329392?
2, 31, 59, 11903
List the prime factors of 53326400.
2, 5, 33329
List the prime factors of 427861143.
3, 15846709
List the prime factors of 228538054.
2, 8263, 13829
What are the prime factors of 161710724?
2, 7, 41, 140863
List the prime factors of 4213274084.
2, 17, 61959913
What are the prime factors of 4284775599?
3, 13, 109866041
What are the p